{"id":202,"date":"2025-12-12T20:42:41","date_gmt":"2025-12-12T20:42:41","guid":{"rendered":"https:\/\/lazexitoysalud.com\/?page_id=202"},"modified":"2026-04-10T21:18:59","modified_gmt":"2026-04-10T21:18:59","slug":"todas-las-resenas-cursos-online","status":"publish","type":"page","link":"https:\/\/lazexitoysalud.com\/index.php\/todas-las-resenas-cursos-online\/","title":{"rendered":"Mejores cursos online para generar ingresos desde casa"},"content":{"rendered":"\n<div class=\"wp-block-group has-global-padding is-layout-constrained wp-block-group-is-layout-constrained\">\n<img loading=\"lazy\" decoding=\"async\" width=\"2048\" height=\"1365\" class=\"gb-media-8d3b62d8\" alt=\"cursos online para generar ingresos desde casa\" title=\"Pagina mejores cursos\" src=\"https:\/\/lazexitoysalud.com\/wp-content\/uploads\/2026\/04\/Pagina-mejores-cursos.jpg\" srcset=\"https:\/\/lazexitoysalud.com\/wp-content\/uploads\/2026\/04\/Pagina-mejores-cursos.jpg 2048w, https:\/\/lazexitoysalud.com\/wp-content\/uploads\/2026\/04\/Pagina-mejores-cursos-300x200.jpg 300w, https:\/\/lazexitoysalud.com\/wp-content\/uploads\/2026\/04\/Pagina-mejores-cursos-1024x683.jpg 1024w, https:\/\/lazexitoysalud.com\/wp-content\/uploads\/2026\/04\/Pagina-mejores-cursos-768x512.jpg 768w, https:\/\/lazexitoysalud.com\/wp-content\/uploads\/2026\/04\/Pagina-mejores-cursos-1536x1024.jpg 1536w, https:\/\/lazexitoysalud.com\/wp-content\/uploads\/2026\/04\/Pagina-mejores-cursos-1320x880.jpg 1320w\" sizes=\"auto, (max-width: 2048px) 100vw, 2048px\" \/>\n\n\n\n<p class=\"has-text-align-center\">Si quieres empezar desde cero y aprender una habilidad rentable, aqu\u00ed tienes una selecci\u00f3n de cursos pr\u00e1cticos que puedes empezar hoy mismo.<\/p>\n\n\n\n<div style=\"height:15px\" aria-hidden=\"true\" class=\"wp-block-spacer\"><\/div>\n\n\n\n<p class=\"has-text-align-center\">Los cursos online para generar ingresos se han convertido en una de las formas m\u00e1s efectivas de empezar desde casa sin necesidad de experiencia previa.<\/p>\n\n\n\n<p class=\"has-text-align-center\">En esta p\u00e1gina encontrar\u00e1s una selecci\u00f3n de cursos pr\u00e1cticos dise\u00f1ados para ayudarte a desarrollar habilidades reales que puedes monetizar. Desde manualidades como la resina ep\u00f3xica o las velas artesanales, hasta otras habilidades digitales, el objetivo es que puedas aprender paso a paso y comenzar a generar ingresos lo antes posible.<\/p>\n\n\n\n<p class=\"has-text-align-center\">Muchas personas quieren generar ingresos online, pero no saben qu\u00e9 aprender ni por d\u00f3nde empezar. Por eso, aqu\u00ed tienes opciones claras y accesibles que te permitir\u00e1n avanzar sin perder tiempo ni energ\u00eda en informaci\u00f3n innecesaria.<\/p>\n\n\n\n<p class=\"has-text-align-center\">Estos cursos online para generar ingresos est\u00e1n pensados para principiantes y se enfocan en resultados pr\u00e1cticos. No necesitas conocimientos previos, solo la decisi\u00f3n de empezar y aplicar lo que aprendas.<\/p>\n\n\n\n<p class=\"has-text-align-center\">Si eliges uno de estos cursos y te comprometes a avanzar, podr\u00e1s desarrollar una habilidad rentable y dar el primer paso hacia una fuente de ingresos desde casa.<\/p>\n<\/div>\n\n\n\n<h2 class=\"wp-block-heading has-text-align-center\">Todos los cursos recomendados en esta p\u00e1gina est\u00e1n seleccionados por su facilidad de aprendizaje, utilidad pr\u00e1ctica y potencial real para generar ingresos.<\/h2>\n\n\n\n<div style=\"height:34px\" aria-hidden=\"true\" class=\"wp-block-spacer\"><\/div>\n\n\n\n<div class=\"wp-block-group has-global-padding is-layout-constrained wp-block-group-is-layout-constrained\">\n<h2 class=\"wp-block-heading has-text-align-center\">Mejores cursos online para generar ingresos desde casa<\/h2>\n\n\n\n<div class=\"wp-block-group has-background has-global-padding is-layout-constrained wp-block-group-is-layout-constrained\" style=\"background-color:#cfcabe17\">\n<h3 class=\"wp-block-heading has-text-align-center\"><strong>Cursos de manualidades rentables<\/strong><\/h3>\n\n\n\n<p class=\"has-text-align-center\">Aprende a crear productos f\u00edsicos que puedes vender desde casa.<\/p>\n\n\n\n<div class=\"wp-block-columns are-vertically-aligned-center is-layout-flex wp-container-core-columns-is-layout-28f84493 wp-block-columns-is-layout-flex\">\n<div class=\"wp-block-column is-vertically-aligned-center has-base-2-background-color has-background is-layout-flow wp-block-column-is-layout-flow\" style=\"border-top-left-radius:20px;border-top-right-radius:20px;border-bottom-left-radius:20px;border-bottom-right-radius:20px;padding-top:var(--wp--preset--spacing--10);padding-right:var(--wp--preset--spacing--10);padding-bottom:var(--wp--preset--spacing--10);padding-left:var(--wp--preset--spacing--10)\">\n<div class=\"wp-block-group has-background is-vertical is-content-justification-center is-layout-flex wp-container-core-group-is-layout-70afa31f wp-block-group-is-layout-flex\" style=\"border-top-left-radius:20px;border-top-right-radius:20px;border-bottom-left-radius:20px;border-bottom-right-radius:20px;background-color:#cfcabe30;padding-top:var(--wp--preset--spacing--10);padding-right:var(--wp--preset--spacing--10);padding-bottom:var(--wp--preset--spacing--10);padding-left:var(--wp--preset--spacing--10)\">\n<img loading=\"lazy\" decoding=\"async\" width=\"300\" height=\"177\" class=\"gb-media-fa84dca3\" alt=\"curso de resina ep\u00f3xica para crear accesorios y generar ingresos desde casa\" title=\"Curso Accesorios en resina para emprender\" src=\"https:\/\/lazexitoysalud.com\/wp-content\/uploads\/2026\/01\/Curso-Accesorios-en-resina-para-emprender-1-300x177.webp\" srcset=\"https:\/\/lazexitoysalud.com\/wp-content\/uploads\/2026\/01\/Curso-Accesorios-en-resina-para-emprender-1-300x177.webp 300w, https:\/\/lazexitoysalud.com\/wp-content\/uploads\/2026\/01\/Curso-Accesorios-en-resina-para-emprender-1-768x454.webp 768w, https:\/\/lazexitoysalud.com\/wp-content\/uploads\/2026\/01\/Curso-Accesorios-en-resina-para-emprender-1.webp 1000w\" sizes=\"auto, (max-width: 300px) 100vw, 300px\" \/>\n\n\n\n<h4 class=\"wp-block-heading has-text-align-center\"><strong>Accesorios en resina para emprender desde casa<\/strong><\/h4>\n\n\n\n<p class=\"has-text-align-center\">Aprende a crear accesorios \u00fanicos con resina ep\u00f3xica y convi\u00e9rtelos en una fuente de ingresos sin experiencia.<\/p>\n\n\n\n<p class=\"has-text-align-center\">Ideal para personas que quieren emprender vendiendo productos personalizados.<\/p>\n\n\n\n<p class=\"has-text-align-center\">Podr\u00e1s dise\u00f1ar, crear y vender tus propios accesorios con resina ep\u00f3xica.<\/p>\n\n\n\n<div class=\"wp-block-buttons is-content-justification-center is-layout-flex wp-container-core-buttons-is-layout-a89b3969 wp-block-buttons-is-layout-flex\">\n<div class=\"wp-block-button\"><a class=\"wp-block-button__link has-custom-color-2-background-color has-text-color has-background has-link-color has-medium-font-size has-custom-font-size wp-element-button\" href=\"https:\/\/lazexitoysalud.com\/index.php\/curso-accesorios-en-resina-para-emprendedores\/\" style=\"border-top-left-radius:5px;border-top-right-radius:5px;border-bottom-left-radius:5px;border-bottom-right-radius:5px;color:#faef00\">Ver curso<\/a><\/div>\n<\/div>\n<\/div>\n<\/div>\n\n\n\n<div class=\"wp-block-column is-vertically-aligned-center is-layout-flow wp-block-column-is-layout-flow\">\n<div class=\"wp-block-group has-background is-vertical is-content-justification-center is-layout-flex wp-container-core-group-is-layout-fc637381 wp-block-group-is-layout-flex\" style=\"border-top-left-radius:20px;border-top-right-radius:20px;border-bottom-left-radius:20px;border-bottom-right-radius:20px;background-color:#cfcabe30;padding-top:var(--wp--preset--spacing--10);padding-right:var(--wp--preset--spacing--10);padding-bottom:var(--wp--preset--spacing--10);padding-left:var(--wp--preset--spacing--10)\">\n<img loading=\"lazy\" decoding=\"async\" width=\"300\" height=\"170\" class=\"gb-media-fa84dca3\" alt=\"\" title=\"MOCKUP PC\" src=\"https:\/\/lazexitoysalud.com\/wp-content\/uploads\/2026\/04\/MOCKUP-PC-300x170.png\" srcset=\"https:\/\/lazexitoysalud.com\/wp-content\/uploads\/2026\/04\/MOCKUP-PC-300x170.png 300w, https:\/\/lazexitoysalud.com\/wp-content\/uploads\/2026\/04\/MOCKUP-PC-768x436.png 768w, https:\/\/lazexitoysalud.com\/wp-content\/uploads\/2026\/04\/MOCKUP-PC.png 820w\" sizes=\"auto, (max-width: 300px) 100vw, 300px\" \/>\n\n\n\n<h4 class=\"wp-block-heading has-text-align-center\"><strong>Dise\u00f1a y Crea con Resina<\/strong><\/h4>\n\n\n\n<p class=\"has-text-align-center\">Aprende a crear productos con resina ep\u00f3xica y venderlos desde casa, incluso si empiezas sin experiencia.<\/p>\n\n\n\n<p>Ideal para personas que quieren emprender con manualidades.<\/p>\n\n\n\n<p>Podr\u00e1s crear y vender tus propios productos desde casa.<\/p>\n\n\n\n<div class=\"wp-block-buttons is-content-justification-center is-layout-flex wp-container-core-buttons-is-layout-a89b3969 wp-block-buttons-is-layout-flex\">\n<div class=\"wp-block-button\"><a class=\"wp-block-button__link has-custom-color-2-background-color has-text-color has-background has-link-color has-medium-font-size has-custom-font-size wp-element-button\" href=\"https:\/\/lazexitoysalud.com\/index.php\/curso-online-de-resina-epoxica\/\" style=\"border-top-left-radius:5px;border-top-right-radius:5px;border-bottom-left-radius:5px;border-bottom-right-radius:5px;color:#faef00\">Ver curso<\/a><\/div>\n<\/div>\n<\/div>\n<\/div>\n\n\n\n<div class=\"wp-block-column is-vertically-aligned-center is-layout-flow wp-block-column-is-layout-flow\">\n<div class=\"wp-block-group has-background is-vertical is-content-justification-center is-layout-flex wp-container-core-group-is-layout-70afa31f wp-block-group-is-layout-flex\" style=\"border-top-left-radius:20px;border-top-right-radius:20px;border-bottom-left-radius:20px;border-bottom-right-radius:20px;background-color:#cfcabe30;padding-top:var(--wp--preset--spacing--10);padding-right:var(--wp--preset--spacing--10);padding-bottom:var(--wp--preset--spacing--10);padding-left:var(--wp--preset--spacing--10)\">\n<img loading=\"lazy\" decoding=\"async\" width=\"300\" height=\"300\" class=\"gb-media-fa84dca3\" alt=\"curso de velas artesanales para generar ingresos desde casa\" title=\"Imagen de portada del curso\" src=\"https:\/\/lazexitoysalud.com\/wp-content\/uploads\/2026\/01\/Imagen-de-portada-del-curso-300x300.png\" srcset=\"https:\/\/lazexitoysalud.com\/wp-content\/uploads\/2026\/01\/Imagen-de-portada-del-curso-300x300.png 300w, https:\/\/lazexitoysalud.com\/wp-content\/uploads\/2026\/01\/Imagen-de-portada-del-curso-150x150.png 150w, https:\/\/lazexitoysalud.com\/wp-content\/uploads\/2026\/01\/Imagen-de-portada-del-curso.png 600w\" sizes=\"auto, (max-width: 300px) 100vw, 300px\" \/>\n\n\n\n<h4 class=\"wp-block-heading has-text-align-center\"><strong>Curso de velas artesanales para emprender<\/strong><\/h4>\n\n\n\n<p class=\"has-text-align-center\">Aprende a crear velas artesanales decorativas y arom\u00e1ticas para vender desde casa, con un m\u00e9todo simple y paso a paso.<\/p>\n\n\n\n<p class=\"has-text-align-center\">Ideal para quienes buscan un emprendimiento creativo y f\u00e1cil de iniciar.<\/p>\n\n\n\n<p class=\"has-text-align-center\">Podr\u00e1s producir velas listas para vender y generar ingresos desde casa.<\/p>\n\n\n\n<div class=\"wp-block-buttons is-content-justification-center is-layout-flex wp-container-core-buttons-is-layout-a89b3969 wp-block-buttons-is-layout-flex\">\n<div class=\"wp-block-button\"><a class=\"wp-block-button__link has-custom-color-2-background-color has-text-color has-background has-link-color has-medium-font-size has-custom-font-size wp-element-button\" href=\"https:\/\/lazexitoysalud.com\/index.php\/curso-velas-artesanales-desde-casa\/\" style=\"border-top-left-radius:5px;border-top-right-radius:5px;border-bottom-left-radius:5px;border-bottom-right-radius:5px;color:#faef00\">Ver curso<\/a><\/div>\n<\/div>\n<\/div>\n<\/div>\n<\/div>\n<\/div>\n\n\n\n<div class=\"wp-block-group has-background has-global-padding is-layout-constrained wp-block-group-is-layout-constrained\" style=\"background-color:#cfcabe17\">\n<h3 class=\"wp-block-heading has-text-align-center\"><strong>Cursos de personalizaci\u00f3n y negocio <\/strong><\/h3>\n\n\n\n<p class=\"has-text-align-center\">Aprende a crear productos para vender desde casa.<\/p>\n\n\n\n<div class=\"wp-block-columns is-layout-flex wp-container-core-columns-is-layout-28f84493 wp-block-columns-is-layout-flex\">\n<div class=\"wp-block-column is-layout-flow wp-block-column-is-layout-flow\">\n<div class=\"wp-block-group has-background is-vertical is-content-justification-center is-layout-flex wp-container-core-group-is-layout-70afa31f wp-block-group-is-layout-flex\" style=\"border-top-left-radius:20px;border-top-right-radius:20px;border-bottom-left-radius:20px;border-bottom-right-radius:20px;background-color:#cfcabe30;padding-top:var(--wp--preset--spacing--10);padding-right:var(--wp--preset--spacing--10);padding-bottom:var(--wp--preset--spacing--10);padding-left:var(--wp--preset--spacing--10)\">\n<img loading=\"lazy\" decoding=\"async\" width=\"295\" height=\"165\" class=\"gb-media-c8727e99\" alt=\"curso de sublimaci\u00f3n para crear productos personalizados y generar ingresos\" title=\"Imagen portada\" src=\"http:\/\/lazexitoysalud.com\/wp-content\/uploads\/2026\/01\/Imagen-portada.jpg\"\/>\n\n\n\n<h4 class=\"wp-block-heading has-text-align-center\"><strong>Curso de sublimaci\u00f3n para crear productos personalizados<\/strong><\/h4>\n\n\n\n<p class=\"has-text-align-center\">Aprende a personalizar productos como tazas, remeras y accesorios utilizando sublimaci\u00f3n, y convi\u00e9rtelo en un negocio rentable.<\/p>\n\n\n\n<p class=\"has-text-align-center\">Ideal para personas que quieren emprender con productos personalizados y escalables.<\/p>\n\n\n\n<p class=\"has-text-align-center\">Podr\u00e1s crear y vender productos personalizados con alta demanda.<\/p>\n\n\n\n<div class=\"wp-block-buttons is-content-justification-center is-layout-flex wp-container-core-buttons-is-layout-a89b3969 wp-block-buttons-is-layout-flex\">\n<div class=\"wp-block-button\"><a class=\"wp-block-button__link has-custom-color-2-background-color has-text-color has-background has-link-color wp-element-button\" href=\"https:\/\/lazexitoysalud.com\/index.php\/el-rentable-negocio-de-la-sublimacion-opinion\/\" style=\"border-top-left-radius:5px;border-top-right-radius:5px;border-bottom-left-radius:5px;border-bottom-right-radius:5px;color:#faef00\">Ver curso<\/a><\/div>\n<\/div>\n<\/div>\n<\/div>\n<\/div>\n<\/div>\n\n\n\n<div style=\"height:30px\" aria-hidden=\"true\" class=\"wp-block-spacer\"><\/div>\n<\/div>\n\n\n\n<h2 class=\"wp-block-heading has-text-align-center\">No necesitas hacerlo perfecto.<br>Solo necesitas elegir una opci\u00f3n y empezar.<\/h2>\n\n\n\n<div style=\"height:22px\" aria-hidden=\"true\" class=\"wp-block-spacer\"><\/div>\n\n\n\n<div class=\"wp-block-buttons is-content-justification-center is-layout-flex wp-container-core-buttons-is-layout-a89b3969 wp-block-buttons-is-layout-flex\">\n<div class=\"wp-block-button\"><a class=\"wp-block-button__link has-custom-color-2-background-color has-text-color has-background has-link-color has-large-font-size has-custom-font-size wp-element-button\" href=\"https:\/\/lazexitoysalud.com\/index.php\/curso-accesorios-en-resina-para-emprendedores\/\" style=\"color:#faef00\">Ver recomendaci\u00f3n<\/a><\/div>\n<\/div>\n","protected":false},"excerpt":{"rendered":"<p>Si quieres empezar desde cero y aprender una habilidad rentable, aqu\u00ed tienes una selecci\u00f3n de cursos pr\u00e1cticos que puedes empezar hoy mismo. Los cursos online para generar ingresos se han convertido en una de las formas m\u00e1s efectivas de empezar desde casa sin necesidad de experiencia previa. En esta p\u00e1gina encontrar\u00e1s una selecci\u00f3n de cursos [&hellip;]<\/p>\n","protected":false},"author":1,"featured_media":214,"parent":0,"menu_order":0,"comment_status":"closed","ping_status":"closed","template":"","meta":{"footnotes":""},"class_list":["post-202","page","type-page","status-publish","has-post-thumbnail","hentry"],"yoast_head":"<!-- This site is optimized with the Yoast SEO plugin v27.4 - https:\/\/yoast.com\/product\/yoast-seo-wordpress\/ -->\n<title>Mejores cursos online para generar ingresos desde casa - LAZ &Eacute;xito y Salud<\/title>\n<meta name=\"description\" content=\"Descubre todas las rese\u00f1as de los cursos online. An\u00e1lisis honestos para aprender nuevas habilidades y generar ingresos con confianza.\" \/>\n<meta name=\"robots\" content=\"index, follow, max-snippet:-1, max-image-preview:large, max-video-preview:-1\" \/>\n<link rel=\"canonical\" href=\"http:\/\/lazexitoysalud.com\/index.php\/todas-las-resenas-cursos-online\/\" \/>\n<meta property=\"og:locale\" content=\"es_ES\" \/>\n<meta property=\"og:type\" content=\"article\" \/>\n<meta property=\"og:title\" content=\"Mejores cursos online para generar ingresos desde casa - LAZ &Eacute;xito y Salud\" \/>\n<meta property=\"og:description\" content=\"Descubre todas las rese\u00f1as de los cursos online. An\u00e1lisis honestos para aprender nuevas habilidades y generar ingresos con confianza.\" \/>\n<meta property=\"og:url\" content=\"http:\/\/lazexitoysalud.com\/index.php\/todas-las-resenas-cursos-online\/\" \/>\n<meta property=\"og:site_name\" content=\"LAZ &Eacute;xito y Salud\" \/>\n<meta property=\"article:modified_time\" content=\"2026-04-10T21:18:59+00:00\" \/>\n<meta property=\"og:image\" content=\"http:\/\/lazexitoysalud.com\/wp-content\/uploads\/2025\/12\/pexels-mibernaa-31666035-scaled.jpg\" \/>\n\t<meta property=\"og:image:width\" content=\"2560\" \/>\n\t<meta property=\"og:image:height\" content=\"1707\" \/>\n\t<meta property=\"og:image:type\" content=\"image\/jpeg\" \/>\n<meta name=\"twitter:card\" content=\"summary_large_image\" \/>\n<meta name=\"twitter:label1\" content=\"Tiempo de lectura\" \/>\n\t<meta name=\"twitter:data1\" content=\"4 minutos\" \/>\n<script type=\"application\/ld+json\" class=\"yoast-schema-graph\">{\"@context\":\"https:\\\/\\\/schema.org\",\"@graph\":[{\"@type\":\"WebPage\",\"@id\":\"http:\\\/\\\/lazexitoysalud.com\\\/index.php\\\/todas-las-resenas-cursos-online\\\/\",\"url\":\"http:\\\/\\\/lazexitoysalud.com\\\/index.php\\\/todas-las-resenas-cursos-online\\\/\",\"name\":\"Mejores cursos online para generar ingresos desde casa - LAZ &Eacute;xito y Salud\",\"isPartOf\":{\"@id\":\"http:\\\/\\\/lazexitoysalud.com\\\/#website\"},\"primaryImageOfPage\":{\"@id\":\"http:\\\/\\\/lazexitoysalud.com\\\/index.php\\\/todas-las-resenas-cursos-online\\\/#primaryimage\"},\"image\":{\"@id\":\"http:\\\/\\\/lazexitoysalud.com\\\/index.php\\\/todas-las-resenas-cursos-online\\\/#primaryimage\"},\"thumbnailUrl\":\"https:\\\/\\\/lazexitoysalud.com\\\/wp-content\\\/uploads\\\/2025\\\/12\\\/pexels-mibernaa-31666035-scaled.jpg\",\"datePublished\":\"2025-12-12T20:42:41+00:00\",\"dateModified\":\"2026-04-10T21:18:59+00:00\",\"description\":\"Descubre todas las rese\u00f1as de los cursos online. An\u00e1lisis honestos para aprender nuevas habilidades y generar ingresos con confianza.\",\"breadcrumb\":{\"@id\":\"http:\\\/\\\/lazexitoysalud.com\\\/index.php\\\/todas-las-resenas-cursos-online\\\/#breadcrumb\"},\"inLanguage\":\"es\",\"potentialAction\":[{\"@type\":\"ReadAction\",\"target\":[\"http:\\\/\\\/lazexitoysalud.com\\\/index.php\\\/todas-las-resenas-cursos-online\\\/\"]}]},{\"@type\":\"ImageObject\",\"inLanguage\":\"es\",\"@id\":\"http:\\\/\\\/lazexitoysalud.com\\\/index.php\\\/todas-las-resenas-cursos-online\\\/#primaryimage\",\"url\":\"https:\\\/\\\/lazexitoysalud.com\\\/wp-content\\\/uploads\\\/2025\\\/12\\\/pexels-mibernaa-31666035-scaled.jpg\",\"contentUrl\":\"https:\\\/\\\/lazexitoysalud.com\\\/wp-content\\\/uploads\\\/2025\\\/12\\\/pexels-mibernaa-31666035-scaled.jpg\",\"width\":2560,\"height\":1707},{\"@type\":\"BreadcrumbList\",\"@id\":\"http:\\\/\\\/lazexitoysalud.com\\\/index.php\\\/todas-las-resenas-cursos-online\\\/#breadcrumb\",\"itemListElement\":[{\"@type\":\"ListItem\",\"position\":1,\"name\":\"Portada\",\"item\":\"http:\\\/\\\/lazexitoysalud.com\\\/\"},{\"@type\":\"ListItem\",\"position\":2,\"name\":\"Mejores cursos online para generar ingresos desde casa\"}]},{\"@type\":\"WebSite\",\"@id\":\"http:\\\/\\\/lazexitoysalud.com\\\/#website\",\"url\":\"http:\\\/\\\/lazexitoysalud.com\\\/\",\"name\":\"LAZ &Eacute;xito y Salud\",\"description\":\"&iexcl;Tu referencia en rese&ntilde;as y opiniones de infoproductos y productos digitales!\",\"publisher\":{\"@id\":\"http:\\\/\\\/lazexitoysalud.com\\\/#organization\"},\"potentialAction\":[{\"@type\":\"SearchAction\",\"target\":{\"@type\":\"EntryPoint\",\"urlTemplate\":\"http:\\\/\\\/lazexitoysalud.com\\\/?s={search_term_string}\"},\"query-input\":{\"@type\":\"PropertyValueSpecification\",\"valueRequired\":true,\"valueName\":\"search_term_string\"}}],\"inLanguage\":\"es\"},{\"@type\":\"Organization\",\"@id\":\"http:\\\/\\\/lazexitoysalud.com\\\/#organization\",\"name\":\"LAZ &Eacute;xito y Salud\",\"url\":\"http:\\\/\\\/lazexitoysalud.com\\\/\",\"logo\":{\"@type\":\"ImageObject\",\"inLanguage\":\"es\",\"@id\":\"http:\\\/\\\/lazexitoysalud.com\\\/#\\\/schema\\\/logo\\\/image\\\/\",\"url\":\"https:\\\/\\\/lazexitoysalud.com\\\/wp-content\\\/uploads\\\/2025\\\/11\\\/cropped-cropped-Logo-LAZ-Exito-y-Salud-1.png\",\"contentUrl\":\"https:\\\/\\\/lazexitoysalud.com\\\/wp-content\\\/uploads\\\/2025\\\/11\\\/cropped-cropped-Logo-LAZ-Exito-y-Salud-1.png\",\"width\":512,\"height\":452,\"caption\":\"LAZ &Eacute;xito y Salud\"},\"image\":{\"@id\":\"http:\\\/\\\/lazexitoysalud.com\\\/#\\\/schema\\\/logo\\\/image\\\/\"}}]}<\/script>\n<!-- \/ Yoast SEO plugin. -->","yoast_head_json":{"title":"Mejores cursos online para generar ingresos desde casa - LAZ &Eacute;xito y Salud","description":"Descubre todas las rese\u00f1as de los cursos online. An\u00e1lisis honestos para aprender nuevas habilidades y generar ingresos con confianza.","robots":{"index":"index","follow":"follow","max-snippet":"max-snippet:-1","max-image-preview":"max-image-preview:large","max-video-preview":"max-video-preview:-1"},"canonical":"http:\/\/lazexitoysalud.com\/index.php\/todas-las-resenas-cursos-online\/","og_locale":"es_ES","og_type":"article","og_title":"Mejores cursos online para generar ingresos desde casa - LAZ &Eacute;xito y Salud","og_description":"Descubre todas las rese\u00f1as de los cursos online. An\u00e1lisis honestos para aprender nuevas habilidades y generar ingresos con confianza.","og_url":"http:\/\/lazexitoysalud.com\/index.php\/todas-las-resenas-cursos-online\/","og_site_name":"LAZ &Eacute;xito y Salud","article_modified_time":"2026-04-10T21:18:59+00:00","og_image":[{"width":2560,"height":1707,"url":"http:\/\/lazexitoysalud.com\/wp-content\/uploads\/2025\/12\/pexels-mibernaa-31666035-scaled.jpg","type":"image\/jpeg"}],"twitter_card":"summary_large_image","twitter_misc":{"Tiempo de lectura":"4 minutos"},"schema":{"@context":"https:\/\/schema.org","@graph":[{"@type":"WebPage","@id":"http:\/\/lazexitoysalud.com\/index.php\/todas-las-resenas-cursos-online\/","url":"http:\/\/lazexitoysalud.com\/index.php\/todas-las-resenas-cursos-online\/","name":"Mejores cursos online para generar ingresos desde casa - LAZ &Eacute;xito y Salud","isPartOf":{"@id":"http:\/\/lazexitoysalud.com\/#website"},"primaryImageOfPage":{"@id":"http:\/\/lazexitoysalud.com\/index.php\/todas-las-resenas-cursos-online\/#primaryimage"},"image":{"@id":"http:\/\/lazexitoysalud.com\/index.php\/todas-las-resenas-cursos-online\/#primaryimage"},"thumbnailUrl":"https:\/\/lazexitoysalud.com\/wp-content\/uploads\/2025\/12\/pexels-mibernaa-31666035-scaled.jpg","datePublished":"2025-12-12T20:42:41+00:00","dateModified":"2026-04-10T21:18:59+00:00","description":"Descubre todas las rese\u00f1as de los cursos online. An\u00e1lisis honestos para aprender nuevas habilidades y generar ingresos con confianza.","breadcrumb":{"@id":"http:\/\/lazexitoysalud.com\/index.php\/todas-las-resenas-cursos-online\/#breadcrumb"},"inLanguage":"es","potentialAction":[{"@type":"ReadAction","target":["http:\/\/lazexitoysalud.com\/index.php\/todas-las-resenas-cursos-online\/"]}]},{"@type":"ImageObject","inLanguage":"es","@id":"http:\/\/lazexitoysalud.com\/index.php\/todas-las-resenas-cursos-online\/#primaryimage","url":"https:\/\/lazexitoysalud.com\/wp-content\/uploads\/2025\/12\/pexels-mibernaa-31666035-scaled.jpg","contentUrl":"https:\/\/lazexitoysalud.com\/wp-content\/uploads\/2025\/12\/pexels-mibernaa-31666035-scaled.jpg","width":2560,"height":1707},{"@type":"BreadcrumbList","@id":"http:\/\/lazexitoysalud.com\/index.php\/todas-las-resenas-cursos-online\/#breadcrumb","itemListElement":[{"@type":"ListItem","position":1,"name":"Portada","item":"http:\/\/lazexitoysalud.com\/"},{"@type":"ListItem","position":2,"name":"Mejores cursos online para generar ingresos desde casa"}]},{"@type":"WebSite","@id":"http:\/\/lazexitoysalud.com\/#website","url":"http:\/\/lazexitoysalud.com\/","name":"LAZ &Eacute;xito y Salud","description":"&iexcl;Tu referencia en rese&ntilde;as y opiniones de infoproductos y productos digitales!","publisher":{"@id":"http:\/\/lazexitoysalud.com\/#organization"},"potentialAction":[{"@type":"SearchAction","target":{"@type":"EntryPoint","urlTemplate":"http:\/\/lazexitoysalud.com\/?s={search_term_string}"},"query-input":{"@type":"PropertyValueSpecification","valueRequired":true,"valueName":"search_term_string"}}],"inLanguage":"es"},{"@type":"Organization","@id":"http:\/\/lazexitoysalud.com\/#organization","name":"LAZ &Eacute;xito y Salud","url":"http:\/\/lazexitoysalud.com\/","logo":{"@type":"ImageObject","inLanguage":"es","@id":"http:\/\/lazexitoysalud.com\/#\/schema\/logo\/image\/","url":"https:\/\/lazexitoysalud.com\/wp-content\/uploads\/2025\/11\/cropped-cropped-Logo-LAZ-Exito-y-Salud-1.png","contentUrl":"https:\/\/lazexitoysalud.com\/wp-content\/uploads\/2025\/11\/cropped-cropped-Logo-LAZ-Exito-y-Salud-1.png","width":512,"height":452,"caption":"LAZ &Eacute;xito y Salud"},"image":{"@id":"http:\/\/lazexitoysalud.com\/#\/schema\/logo\/image\/"}}]}},"_links":{"self":[{"href":"https:\/\/lazexitoysalud.com\/index.php\/wp-json\/wp\/v2\/pages\/202","targetHints":{"allow":["GET"]}}],"collection":[{"href":"https:\/\/lazexitoysalud.com\/index.php\/wp-json\/wp\/v2\/pages"}],"about":[{"href":"https:\/\/lazexitoysalud.com\/index.php\/wp-json\/wp\/v2\/types\/page"}],"author":[{"embeddable":true,"href":"https:\/\/lazexitoysalud.com\/index.php\/wp-json\/wp\/v2\/users\/1"}],"replies":[{"embeddable":true,"href":"https:\/\/lazexitoysalud.com\/index.php\/wp-json\/wp\/v2\/comments?post=202"}],"version-history":[{"count":48,"href":"https:\/\/lazexitoysalud.com\/index.php\/wp-json\/wp\/v2\/pages\/202\/revisions"}],"predecessor-version":[{"id":1108,"href":"https:\/\/lazexitoysalud.com\/index.php\/wp-json\/wp\/v2\/pages\/202\/revisions\/1108"}],"wp:featuredmedia":[{"embeddable":true,"href":"https:\/\/lazexitoysalud.com\/index.php\/wp-json\/wp\/v2\/media\/214"}],"wp:attachment":[{"href":"https:\/\/lazexitoysalud.com\/index.php\/wp-json\/wp\/v2\/media?parent=202"}],"curies":[{"name":"wp","href":"https:\/\/api.w.org\/{rel}","templated":true}]}}